- 7. Give v(-6).
-19
Let p(n) = -n - 12. Calculate p(-14).
2
Let w(d) = -10*d - 3. Determine w(6).
-63
Let g(h) = -3*h**2 - 12*h - 21. What is g(-5)?
-36
Let u(r) = r**2 - 29*r - 89. Calculate u(-3).
7
Let g(p) = p**3 + 5*p**2 - 16*p + 13. Give g(-7).
27
Let s(t) = -14*t + 8. What is s(2)?
-20
Let b(v) = -13*v - 55. What is b(-5)?
10
Let x(n) = -n**3 - 14*n**2 + 15*n + 24. What is x(-15)?
24
Let y(h) = h**2 - 18*h - 35. Give y(19).
-16
Let d(k) = 3*k - 14. What is d(7)?
7
Let s(d) = d**2 - 2*d - 7. Calculate s(5).
8
Let f(j) = j**2 + 4*j - 7. What is f(-6)?
5
Let p(w) = 11*w + 28. Determine p(-2).
6
Let t(q) = -62*q**2 + q - 1. Give t(1).
-62
Let j(m) = m - 2. Give j(-5).
-7
Let y(q) = 2*q**2 + 2*q - 1. What is y(-3)?
11
Let d(t) = -15*t + 111. Give d(7).
6
Let h(f) = -5*f - 121. Give h(-24).
-1
Let i(d) = 74*d - 736. What is i(10)?
4
Let j(z) = 5*z**2 - 48*z - 14. Determine j(10).
6
Let i(j) = -75*j - 1426. Give i(-19).
-1
Let j(t) = t**3 - 3*t - 1. Calculate j(0).
-1
Let q(u) = -4*u**2 - u - 25. Calculate q(-6).
-163
Let l(b) = -b**2 - 12*b - 18. What is l(-12)?
-18
Let a(k) = -2*k**2 + 4*k + 1. Determine a(3).
-5
Let q(f) = f**3 - 8*f**2 - 14*f + 120. What is q(8)?
8
Let x(l) = 6*l + 134. Give x(-21).
8
Let a(l) = 3*l**3 + 70*l**2 + 23*l - 5. Calculate a(-23).
-5
Let j(z) = 2*z**2 - 39*z - 1. Determine j(19).
-20
Let h(f) = -f**2 + 2*f + 50. What is h(8)?
2
Let d(w) = -w**2 + 2*w + 25. Determine d(-5).
-10
Let k(z) = -11*z - 49. What is k(-5)?
6
Let y(x) = -x**3 - 5*x**2 + 6*x - 12. Give y(-6).
-12
Let k(u) = -4*u**2 + 6. What is k(2)?
-10
Let i(r) = -r**2 - 14*r - 43. Determine i(-9).
2
Let a(l) = l**2 + 5*l - 10. What is a(-9)?
26
Let m(x) = -x**3 + 9*x**2 + 4*x + 9. Give m(9).
45
Let g(k) = k**3 - 3*k**2 - k + 8. Determine g(3).
5
Let a(x) = -x**3 + 14*x**2 + 16*x - 8. Give a(15).
7
Let x(b) = b + 2. Give x(17).
19
Let f(k) = -k**2 - 11*k - 5. Give f(-10).
5
Let r(x) = 38*x**2 - x. What is r(1)?
37
Let h(l) = -5*l**2 + 18*l + 3. What is h(4)?
-5
Let f(y) = y**2 - 3*y - 2. What is f(-2)?
8
Let q(u) = -u**3 - 5*u**2 - 8*u - 4. Calculate q(-3).
2
Let b(d) = 3*d + 27. Determine b(-7).
6
Let u(f) = 12*f - 216. Calculate u(18).
0
Let j(y) = -16*y - 38. Calculate j(-6).
58
Let i(y) = -4*y**2 + 1. Determine i(1).
-3
Let j(u) = 36*u + 149. What is j(-4)?
5
Let b(k) = k**3 + 10*k**2 + 4*k + 6. What is b(-9)?
51
Let k(q) = -11*q + 4. Determine k(-3).
37
Let g(f) = f**2 - 15*f - 31. Calculate g(15).
-31
Let z(j) = j**2 + 17*j + 45. Determine z(-15).
15
Let x(c) = 7*c**2 + 16*c - 3. What is x(-3)?
12
Let w(j) = j**2 - 10*j + 16. Give w(9).
7
Let q(l) = -35*l - 16. Determine q(-5).
159
Let j(m) = -m - 8. What is j(6)?
-14
Let o(k) = k + 12. Determine o(11).
23
Let u(f) = 36*f - 15. Calculate u(-2).
-87
Let r(t) = -4*t**3 + t**2 + 2. What is r(0)?
2
Let i(o) = 7*o + 139. Give i(-18).
13
Let v(x) = x**2 + 8*x + 9. Determine v(-7).
2
Let a(z) = 8*z - 50. Calculate a(7).
6
Let n(c) = -c**2 - 6*c - 2. Give n(-6).
-2
Let b(s) = 5*s**3 + 2*s**2 + 2*s - 2. What is b(-2)?
-38
Let c(y) = y**2 + 6*y - 19. Give c(4).
21
Let t(d) = -d**2 + 6. Calculate t(-5).
-19
Let v(y) = y**2 + 8*y + 13. Give v(-4).
-3
Let l(x) = x**3 - 12*x**2 - 11*x - 9. Determine l(13).
17
Let q(s) = 20*s - 20. Calculate q(1).
0
Let x(j) = j**3 + 7*j**2 - 8*j - 1. What is x(-8)?
-1
Let h(s) = -s**2 + 20*s - 16. Give h(19).
3
Let f(n) = -n**2 - 6. Give f(0).
-6
Let w(s) = s**2 - s - 3. Calculate w(2).
-1
Let s(z) = z**3 + 14*z**2 + 18*z - 87. What is s(-12)?
-15
Let v(k) = -5*k**2 - 1. Determine v(-1).
-6
Let x(y) = -y**3 - 12*y**2 - 20*y - 5. Determine x(-9).
-68
Let v(l) = -l**3 - 40*l**2 + 39*l - 83. Calculate v(-41).
-1
Let f(i) = -i**3 + 9*i**2 - 6*i - 6. What is f(8)?
10
Let f(b) = b - 4. Determine f(12).
8
Let y(w) = -4*w + 10. Calculate y(9).
-26
Let r(u) = u**3 - 6*u**2 + u + 12. Calculate r(5).
-8
Let f(t) = -t**2 - 3*t - 1. Determine f(-2).
1
Let o(q) = q**3 - q**2 - q - 5. What is o(0)?
-5
Let b(w) = -10*w - 136. What is b(-10)?
-36
Let q(f) = -f + 14. What is q(14)?
0
Let c(o) = -3*o - 14. Give c(-10).
16
Let z(u) = -9*u + 7. Give z(3).
-20
Let x(c) = -13*c + 1176. Calculate x(90).
6
Let x(z) = z - 23. Give x(15).
-8
Let c(j) = j**2 + 2*j - 2. What is c(1)?
1
Let z(k) = k**2 - 11*k - 19. Determine z(11).
-19
Let u(x) = -109*x + 2. What is u(1)?
-107
Let d(i) = i**2 - 8*i + 9. Calculate d(5).
-6
Let s(o) = -o**2 + 17*o - 7. Give s(8).
65
Let i(l) = l**2 + 5*l - 5. Calculate i(-6).
1
Let z(h) = -h**3 + 3*h**2 - 2*h + 3. Determine z(3).
-3
Let f(a) = -25*a - 3. Calculate f(-1).
22
Let a(c) = 4*c - 56. Give a(15).
4
Let z(n) = n**3 - 6*n**2 + 7*n - 6. Give z(5).
4
Let p(k) = -k**2 + 28*k - 49. Determine p(26).
3
Let g(q) = -29*q - 59. Calculate g(-2).
-1
Let p(q) = q**3 - 3*q**2 + q - 9. Determine p(4).
11
Let v(h) = 42*h - 255. Give v(6).
-3
Let d(k) = k**3 + 3*k**2 - k. What is d(3)?
51
Let q(c) = -2*c**2 - 88*c + 10. Give q(-44).
10
Let s(h) = h**3 - 26*h**2 - 55*h - 26. Calculate s(28).
2
Let u(p) = p + 22. Calculate u(-19).
3
Let n(k) = 4*k**2 - 45*k + 32. Give n(11).
21
Let y(r) = -28*r + 1. Calculate y(-1).
29
Let u(x) = -x**3 - 10*x**2 + 5*x - 9. Give u(-10).
-59
Let m(p) = -12*p - 49. Give m(-4).
-1
Let p(z) = 3*z - 4. Calculate p(-6).
-22
Let w(t) = t**3 - 18*t**2 + 34*t - 9. What is w(16)?
23
Let t(c) = c**2 + 15*c + 58. Determine t(-7).
2
Let r(z) = -z**3 + 21*z**2 + 22*z - 29. Give r(22).
-29
Let p(z) = 283*z - 7. Calculate p(-1).
-290
Let v(k) = k**2 - 7*k + 7. Determine v(4).
-5
Let n(h) = h**3 - 5*h + 4. What is n(2)?
2
Let g(b) = 7*b + 21. Determine g(2).
35
Let d(r) = 5*r - 11. Determine d(0).
-11
Let f(j) = -36*j - 184. Calculate f(-5).
-4
Let w(d) = d**3 - 8*d**2 + 6*d + 7. Calculate w(6).
-29
Let g(k) = -17*k + 206. What is g(12)?
2
Let u(s) = s**2 - 8*s - 12. Give u(13).
53
Let i(r) = 33*r. Calculate i(0).
0
Let q(n) = 3*n**3 - 7*n**2 + 7*n - 9. What is q(3)?
30
Let f(v) = v**3 - 7*v**2 + v - 6. What is f(7)?
1
Let k(r) = -r**2 + 11*r - 24. What is k(9)?
-6
Let o(y) = 2*y**3 + 23*y**2 + 11*y + 25. What is o(-11)?
25
Let b(s) = s**2 + 2. Calculate b(2).
6
Let b(k) = k**3 - 6*k**2 - 3*k - 4. Give b(5).
-44
Let c(j) = -j**3 - 9*j**2 + 12*j + 19. Determine c(-10).
-1
Let x(o) = 3*o - 16. What is x(6)?
2
Let l(v) = -v**3 + 20. Give l(0).
20
Let u(s) = 147*s - 300. Determine u(2).
-6
Let u(k) = k**2 - 3*k - 3. Give u(6).
15
Let y(u) = u**3 - 16*u**2 + 14*u + 19. What is y(15)?
4
Let z(t) = -7*t - 11. What is z(-10)?
59
Let t(b) = 2*b**2 - 7*b + 1. What is t(-3)?
40
Let k(i) = -2*i**3 + 30*i**2 + 69*i - 10. What is k(17)?
7
Let g(v) = 6*v**2 + 35*v - 1. Give g(-6).
5
Let d(h) = 3*h - 20. Give d(0).
-20
Let u(w) = -3*w**2 - 19*w - 14. Calculate u(-7).
-28
Let i(n) = 2*n**3 + 19*n**2 + 12*n + 12. What is i(-9)?
-15
Let o(c) = c**3 + 4*c**2 - 12*c - 6. Determine o(-6).
-6
Let x(r) = -8*r - 14. Calculate x(-2).
2
Let y(j) = -2*j - 10. Determine y(7).
-24
Let d(k) = k**2 + k - 36. Determine d(6).
6
Let j(i) = i**3 + 3*i**2 - 9*i + 5. Calculate j(2).
7
Let t(w) = -6*w + 58. Calculate t(11).
-8
Let k(h) = h**2 + 6*h + 8. Calculate k(-5).
3
Let l(f) = -f**2 + 16*f + 17. Determine l(12).
65
Let w(n) = 4*n - 9. Determine w(6).
15
Let y(c) = -3*c - 91. What is y(-22)?
-25
Let s(h) = -h**3 - 15*h**2 + h - 16. Determine s(-15).
-31
Let v(n) = 12*n. Calculate v(6).
72
Let u(w) = -w**3 + w**2 + 2*w - 1. Calculate u(2).
-1
Let t(l) = -19*l**2 + 1. Determine t(-1).
-18
Let n(r) = 3*r + 50. Determine n(-18).
-4
Let s(a) = -a - 33. Give s(1).
-34
Let d(n) = n**2 - 7*n - 21. What is d(11)?
23
Let m(p) = -13*p + 1029. Calculate m(79).
2
Let s(v) = -2*v**3 + 2*v**2 + 1. Calculate s(-2).
25
Let k(j) = -j**3 - 18*j**2 + 20*j + 10. Give k(-19).
-9
Let q(b) = -2*b - 1. Determine q(-1).
1
Let t(p) = -29*p + 755. Determine t(26).
1
Let c(t) = t**2 + 19*t + 20. What is c(-17)?
-14
Let s(z) = 4*z - 5. Calculate s(-8).
-37
Let m(y) = y**3 + 11*y**2 + 6*y - 14. What is m(-10)?
26
Let w(a) = -a**2 - 18*a + 2. What is w(-17)?
19
Let k(w) = -2*w**2 + 11*w - 3. What is k(6)?
-9
Let r(w) = w**3 - 20*w**2 + 3*w - 50. Determine r(20).
10
Let f(r) = -5*r + 96. Give f(18).
6
Let p(f) = -7*f - 69. Give p(-9).
-6
Let u(p) = p**3 - 4*p**2 + 6*p - 12. What is u(0)?
-12
Let q(p) = 21*p**2 + p - 1. What is q(1